{"id":570,"date":"2021-09-16T12:46:18","date_gmt":"2021-09-16T10:46:18","guid":{"rendered":"https:\/\/www.boz.pl\/centrum-budowlane\/?page_id=570"},"modified":"2021-09-16T12:46:18","modified_gmt":"2021-09-16T10:46:18","slug":"welna-mineralna-rzeszow","status":"publish","type":"page","link":"https:\/\/www.boz.pl\/centrum-budowlane\/welna-mineralna-rzeszow\/","title":{"rendered":"We\u0142na mineralna Rzesz\u00f3w"},"content":{"rendered":"<h2 class=\"western\">We\u0142na mineralna &#8211; czym jest?<\/h2>\n<p style=\"text-align: justify\"><img loading=\"lazy\" decoding=\"async\" class=\"alignright wp-image-738\" title=\"welna-mineralna-ursa\" src=\"https:\/\/www.boz.pl\/wp-content\/uploads\/2021\/09\/welna-mineralna-ursa.jpg\" alt=\"welna-mineralna-ursa\" width=\"400\" height=\"217\" \/><strong>We\u0142na mineralna stanowi idealny materia\u0142 do izolacji termicznej, przeciwogniowej, jak r\u00f3wnie\u017c akustycznej.<\/strong> Jest to materia\u0142 izolacyjny pochodzenia mineralnego. Obejmuje szeroki zakres stosowania, gdy\u017c mo\u017cna j\u0105 stosowa\u0107 zar\u00f3wno na \u015bcianach wewn\u0119trznych, jak i zewn\u0119trznych oraz na pod\u0142ogach b\u0105d\u017a na dachu i stropach. Grubo\u015b\u0107 we\u0142ny mineralnej mo\u017cna dopasowa\u0107 do swoich potrzeb. Materia\u0142 ten \u015bwietnie chroni przed zimnem i jest powszechnie u\u017cywany przy ocieplaniu budynk\u00f3w.<\/p>\n<h2 class=\"western\" style=\"text-align: justify\">Rodzaje we\u0142ny mineralnej<\/h2>\n<p style=\"text-align: justify\"><strong>We\u0142na mineralna wyst\u0119puje w postaci kamiennej (skalnej) i szklanej.<\/strong> Pierwsz\u0105 z nich wytwarza si\u0119 z bazaltu, dolomitu, gabro albo kruszywa wapiennego, kt\u00f3re jest roztopione niemal do postaci lawy i rozdzielone na w\u0142\u00f3kna. Dopiero po zlepieniu w\u0142\u00f3kien \u017cywic\u0105, a nast\u0119pnie uformowaniu mo\u017cna uzyska\u0107 oczekiwany produkt. Produkuj\u0105c drugi rodzaj we\u0142ny mineralnej, nale\u017cy u\u017cy\u0107 st\u0142uczki szklanej oraz kwarcowego piasku. Szacuje si\u0119, i\u017c ponad 95% obj\u0119to\u015bci we\u0142ny zajmuje samo powietrze. To wszystko ze wzgl\u0119du na swoje cieplne w\u0142a\u015bciwo\u015bci. Oba rodzaje we\u0142ny mineralnej cechuj\u0105 si\u0119 podobnymi w\u0142a\u015bciwo\u015bciami, a r\u00f3\u017cni\u0105 kilkoma szczeg\u00f3\u0142ami, jak np. tym, \u017ce we\u0142na kamienna charakteryzuje si\u0119 nieco wi\u0119ksz\u0105 odporno\u015bci\u0105 na ewentualne \u015bciskanie.<\/p>\n<p><img loading=\"lazy\" decoding=\"async\" class=\"alignleft wp-image-740\" style=\"text-align: justify\" title=\"rockwool-welna-mineralna\" src=\"https:\/\/www.boz.pl\/wp-content\/uploads\/2021\/09\/rockwool-welna-mineralna-650x433.png\" alt=\"rockwool-welna-mineralna\" width=\"400\" height=\"225\" \/><\/p>\n<h2 class=\"western\" style=\"text-align: justify\">We\u0142ny mineralna w matach, p\u0142ytach i granulacje<\/h2>\n<p style=\"text-align: justify\">We\u0142na mineralna wyst\u0119puje pod r\u00f3\u017cnymi postaciami. <strong>Najcz\u0119\u015bciej mo\u017cna j\u0105 spotka\u0107 w formie mat albo p\u0142yt, a nawet otuliny do instalacyjnych rur.<\/strong> Innym przyk\u0142adem jest we\u0142na, kt\u00f3ra wyst\u0119puje w postaci <strong>granulatu<\/strong>. Niezwykle istotne jest, aby rodzaj we\u0142ny mineralnej dopasowa\u0107 do miejsca, kt\u00f3re ma zosta\u0107 ni\u0105 ocieplone. W przypadku izolacji zewn\u0119trznych \u015bcian trzeba zastosowa\u0107 twarde albo dwug\u0119sto\u015bciowe p\u0142yty. Na poddaszu idealnie sprawdz\u0105 si\u0119 spr\u0119\u017cyste i lekkie maty, poniewa\u017c dopasuj\u0105 si\u0119 one w przestrze\u0144 pomi\u0119dzy krokwiami.<\/p>\n<h2>We\u0142na mineralna Rzesz\u00f3w &#8211; oferta BOZ<\/h2>\n<p><strong>Centrum Budowlane BOZ w Rzeszowie<\/strong> oferuje profesjonalna we\u0142n\u0119 mineraln\u0105. Oferowana przez nas we\u0142na pochodzi od renomowanych producent\u00f3w, takich jak Ursa, Rockwool czy ISOVER. Zapraszamy do <a href=\"https:\/\/www.boz.pl\/centrum-budowlane\/kontakt\/\">kontaktu<\/a> oraz odwiedzenia naszego Centrum Budowlanego w Rzeszowie!<\/p>\n","protected":false},"excerpt":{"rendered":"<p>We\u0142na mineralna &#8211; czym jest? We\u0142na mineralna stanowi idealny materia\u0142 do izolacji termicznej, przeciwogniowej, jak r\u00f3wnie\u017c akustycznej. Jest to materia\u0142 izolacyjny pochodzenia mineralnego. Obejmuje szeroki zakres stosowania, gdy\u017c mo\u017cna j\u0105 stosowa\u0107 zar\u00f3wno na \u015bcianach wewn\u0119trznych, jak i zewn\u0119trznych oraz na pod\u0142ogach b\u0105d\u017a na dachu i stropach. Grubo\u015b\u0107 we\u0142ny mineralnej mo\u017cna dopasowa\u0107 do swoich potrzeb. Materia\u0142 [&hellip;]<\/p>\n","protected":false},"author":13,"featured_media":0,"parent":0,"menu_order":0,"comment_status":"closed","ping_status":"closed","template":"","meta":{"footnotes":""},"class_list":["post-570","page","type-page","status-publish","hentry"],"yoast_head":"<!-- This site is optimized with the Yoast SEO plugin v14.7 - https:\/\/yoast.com\/wordpress\/plugins\/seo\/ -->\n<title>We\u0142na Mineralna Rzesz\u00f3w - We\u0142na Szklana i Kamienna do Ocieplania<\/title>\n<meta name=\"description\" content=\"Centrum Budowlane BOZ Rzesz\u00f3w - we\u0142na mineralna szklana i kamienna od renomowanych producent\u00f3w. We\u0142na ociepleniowa w matach, p\u0142ytach, granulacie.\" \/>\n<meta name=\"robots\" content=\"index, follow\" \/>\n<meta name=\"googlebot\" content=\"index, follow, max-snippet:-1, max-image-preview:large, max-video-preview:-1\" \/>\n<meta name=\"bingbot\" content=\"index, follow, max-snippet:-1, max-image-preview:large, max-video-preview:-1\" \/>\n<link rel=\"canonical\" href=\"https:\/\/www.boz.pl\/centrum-budowlane\/welna-mineralna-rzeszow\/\" \/>\n<meta property=\"og:locale\" content=\"pl_PL\" \/>\n<meta property=\"og:type\" content=\"article\" \/>\n<meta property=\"og:title\" content=\"We\u0142na Mineralna Rzesz\u00f3w - We\u0142na Szklana i Kamienna do Ocieplania\" \/>\n<meta property=\"og:description\" content=\"Centrum Budowlane BOZ Rzesz\u00f3w - we\u0142na mineralna szklana i kamienna od renomowanych producent\u00f3w. We\u0142na ociepleniowa w matach, p\u0142ytach, granulacie.\" \/>\n<meta property=\"og:url\" content=\"https:\/\/www.boz.pl\/centrum-budowlane\/welna-mineralna-rzeszow\/\" \/>\n<meta property=\"og:site_name\" content=\"Centrum Budowlane BOZ S.A.\" \/>\n<meta property=\"og:image\" content=\"https:\/\/www.boz.pl\/wp-content\/uploads\/2021\/09\/welna-mineralna-ursa.jpg\" \/>\n<meta name=\"twitter:card\" content=\"summary_large_image\" \/>\n<script type=\"application\/ld+json\" class=\"yoast-schema-graph\">{\"@context\":\"https:\/\/schema.org\",\"@graph\":[{\"@type\":\"WebSite\",\"@id\":\"https:\/\/www.boz.pl\/centrum-budowlane\/#website\",\"url\":\"https:\/\/www.boz.pl\/centrum-budowlane\/\",\"name\":\"Centrum Budowlane BOZ S.A.\",\"description\":\"Materia\\u0142y budowlane\",\"potentialAction\":[{\"@type\":\"SearchAction\",\"target\":\"https:\/\/www.boz.pl\/centrum-budowlane\/?s={search_term_string}\",\"query-input\":\"required name=search_term_string\"}],\"inLanguage\":\"pl-PL\"},{\"@type\":\"ImageObject\",\"@id\":\"https:\/\/www.boz.pl\/centrum-budowlane\/welna-mineralna-rzeszow\/#primaryimage\",\"inLanguage\":\"pl-PL\",\"url\":\"https:\/\/www.boz.pl\/wp-content\/uploads\/2021\/09\/welna-mineralna-ursa.jpg\"},{\"@type\":\"WebPage\",\"@id\":\"https:\/\/www.boz.pl\/centrum-budowlane\/welna-mineralna-rzeszow\/#webpage\",\"url\":\"https:\/\/www.boz.pl\/centrum-budowlane\/welna-mineralna-rzeszow\/\",\"name\":\"We\\u0142na Mineralna Rzesz\\u00f3w - We\\u0142na Szklana i Kamienna do Ocieplania\",\"isPartOf\":{\"@id\":\"https:\/\/www.boz.pl\/centrum-budowlane\/#website\"},\"primaryImageOfPage\":{\"@id\":\"https:\/\/www.boz.pl\/centrum-budowlane\/welna-mineralna-rzeszow\/#primaryimage\"},\"datePublished\":\"2021-09-16T10:46:18+00:00\",\"dateModified\":\"2021-09-16T10:46:18+00:00\",\"description\":\"Centrum Budowlane BOZ Rzesz\\u00f3w - we\\u0142na mineralna szklana i kamienna od renomowanych producent\\u00f3w. We\\u0142na ociepleniowa w matach, p\\u0142ytach, granulacie.\",\"inLanguage\":\"pl-PL\",\"potentialAction\":[{\"@type\":\"ReadAction\",\"target\":[\"https:\/\/www.boz.pl\/centrum-budowlane\/welna-mineralna-rzeszow\/\"]}]}]}<\/script>\n<!-- \/ Yoast SEO plugin. -->","_links":{"self":[{"href":"https:\/\/www.boz.pl\/centrum-budowlane\/wp-json\/wp\/v2\/pages\/570"}],"collection":[{"href":"https:\/\/www.boz.pl\/centrum-budowlane\/wp-json\/wp\/v2\/pages"}],"about":[{"href":"https:\/\/www.boz.pl\/centrum-budowlane\/wp-json\/wp\/v2\/types\/page"}],"author":[{"embeddable":true,"href":"https:\/\/www.boz.pl\/centrum-budowlane\/wp-json\/wp\/v2\/users\/13"}],"replies":[{"embeddable":true,"href":"https:\/\/www.boz.pl\/centrum-budowlane\/wp-json\/wp\/v2\/comments?post=570"}],"version-history":[{"count":1,"href":"https:\/\/www.boz.pl\/centrum-budowlane\/wp-json\/wp\/v2\/pages\/570\/revisions"}],"predecessor-version":[{"id":571,"href":"https:\/\/www.boz.pl\/centrum-budowlane\/wp-json\/wp\/v2\/pages\/570\/revisions\/571"}],"wp:attachment":[{"href":"https:\/\/www.boz.pl\/centrum-budowlane\/wp-json\/wp\/v2\/media?parent=570"}],"curies":[{"name":"wp","href":"https:\/\/api.w.org\/{rel}","templated":true}]}}